90720. What is d(88)?
-8
Let o(g) = g**3 + 14*g**2 - 4569*g + 460. Give o(-75).
10
Let b(r) = r**3 - 98*r**2 - 324*r - 8526. Calculate b(102).
42
Let w(u) = -2*u**2 + 49*u - 1099. Determine w(16).
-827
Let m(v) = v**3 - 48*v**2 + 389*v + 7. What is m(14)?
-1211
Let q(i) = -16896*i + 371717. Calculate q(22).
5
Let h(l) = -25*l**3 - 2*l**2 + 184*l + 380. Determine h(-2).
204
Let d(p) = p**3 - 33*p**2 + 361*p - 3. Give d(19).
1802
Let j(t) = -121*t - 2283. Calculate j(-33).
1710
Let h(s) = s**3 + 20*s**2 + 51*s + 15. Determine h(-12).
555
Let j(z) = -69418*z + 347264. Give j(5).
174
Let x(v) = -2*v**2 + 941*v - 58855. Calculate x(72).
-1471
Let a(d) = -2*d**3 - 20*d**2 + 102*d + 74. Calculate a(-14).
214
Let p(q) = -243283*q + 2919392. What is p(12)?
-4
Let g(o) = 50798*o + 14883815. Calculate g(-293).
1
Let a(g) = -369*g**3 - 11438*g**2 + 23*g - 144. What is a(-31)?
104
Let k(m) = -14*m + 2743. Calculate k(89).
1497
Let b(x) = x**2 - 68733*x - 1443841. Calculate b(-21).
-7
Let f(s) = 4*s**2 + 136393*s + 5857503. Calculate f(-43).
0
Let a(d) = 858*d - 16615. What is a(18)?
-1171
Let f(l) = l**3 + 90*l**2 + 2004*l + 198. What is f(-39)?
-387
Let h(n) = -n**3 - 101*n**2 - 464*n + 78. What is h(-5)?
-2
Let u(f) = -10*f**2 + 1829*f + 3784. Give u(185).
-101
Let z(w) = 3*w**2 + 262*w + 4350. Calculate z(-65).
-5
Let c(o) = -77*o - 959. Calculate c(-11).
-112
Let c(t) = 4033*t + 483963. Determine c(-120).
3
Let u(z) = -12155*z + 122349. Give u(10).
799
Let x(n) = -2*n**3 - 285*n**2 - 9330*n - 3481. Give x(-92).
15
Let y(z) = 1975*z - 343641. What is y(174)?
9
Let y(z) = -z**2 - 6523*z + 117757. Determine y(18).
19
Let p(b) = 8*b**2 - 1612*b - 32627. What is p(220)?
-67
Let z(l) = -62922*l + 4782076. What is z(76)?
4
Let s(n) = 115942*n + 5217463. Determine s(-45).
73
Let k(x) = -1092*x - 21816. Calculate k(-21).
1116
Let o(b) = -73884*b + 443287. Determine o(6).
-17
Let v(s) = -7*s**2 + 395*s - 3520. What is v(9)?
-532
Let q(l) = l**2 - 350*l + 21884. Determine q(268).
-92
Let k(r) = -40*r + 2627. Calculate k(63).
107
Let k(p) = -22*p**3 + 261*p**2 + 28*p - 4. Determine k(12).
-100
Let j(k) = 760*k**2 + 77516*k - 406. Determine j(-102).
2
Let f(n) = n**2 - 932*n - 14072. Calculate f(-15).
133
Let v(i) = 9170*i - 678580. What is v(74)?
0
Let n(x) = 274*x + 20306. What is n(-75)?
-244
Let b(k) = -12*k**2 - 84*k + 789. What is b(-12)?
69
Let u(k) = -2*k**3 - 80*k**2 + 169*k + 116. Calculate u(-42).
74
Let z(v) = 34*v**3 - v**2 + 353*v - 711. What is z(2)?
263
Let r(x) = -625*x + 3009. Determine r(2).
1759
Let p(g) = -2*g**3 - 379*g**2 - 943*g - 1398. What is p(-187)?
98
Let y(k) = -37167*k + 594675. Calculate y(16).
3
Let n(z) = 597*z - 847. What is n(-1)?
-1444
Let l(p) = -702*p - 594. Calculate l(0).
-594
Let n(v) = -v**2 + 3891*v - 1283820. What is n(364)?
8
Let a(g) = g**3 + 119*g**2 - 121*g + 291. Calculate a(-120).
411
Let n(o) = 2171*o - 65246. What is n(30)?
-116
Let c(q) = 5*q**2 + 7993*q + 6. Determine c(0).
6
Let f(o) = -2*o**3 - 138*o**2 - 908*o - 7. Calculate f(-7).
273
Let n(p) = 319912*p + 3199130. Give n(-10).
10
Let u(n) = -n**2 + 8350*n + 83574. Calculate u(-10).
-26
Let p(y) = -y**3 + 248*y**2 + 6*y - 1643. Give p(248).
-155
Let g(m) = m**3 - 15*m**2 - 259*m + 269. What is g(25)?
44
Let v(c) = c**2 + 194*c - 12158. What is v(50)?
42
Let m(d) = 320*d + 13232. Determine m(-59).
-5648
Let c(m) = m**3 + 83*m**2 - 33*m + 1105. Calculate c(0).
1105
Let w(i) = 474*i - 4057. Calculate w(9).
209
Let k(t) = 4*t**2 - 678*t - 10272. Determine k(-14).
4
Let q(u) = u**3 - 10*u**2 - 21923*u + 175504. Determine q(8).
-8
Let d(v) = v**3 - 75*v**2 - 1162*v + 1690. Calculate d(88).
106
Let m(z) = 92*z**2 - 59058*z - 3861. Determine m(642).
-9
Let j(x) = -7*x**2 + 234*x - 435. Determine j(2).
5
Let l(m) = -m**3 - 74*m**2 - 1053*m - 2502. Determine l(-56).
18
Let k(s) = 46841*s + 936817. Determine k(-20).
-3
Let m(c) = 782*c + 1142. Calculate m(-2).
-422
Let q(f) = 31*f**2 - 646*f + 300. What is q(18)?
-1284
Let b(z) = -z**2 + 3758*z + 63998. Determine b(-17).
-177
Let x(u) = 56*u**3 - 3686*u**2 - 671*u + 709. Determine x(66).
-17
Let o(i) = -i**2 - 4458*i - 1796485. What is o(-448)?
-5
Let t(k) = -39*k - 4974. Give t(-136).
330
Let t(i) = -254785*i + 1273877. Calculate t(5).
-48
Let k(a) = -82*a**2 + 3774*a - 136. What is k(46)?
-44
Let s(v) = 6353*v - 26351. Determine s(4).
-939
Let c(s) = -34817*s - 313200. Give c(-9).
153
Let y(u) = -806*u - 2786. Calculate y(-3).
-368
Let u(a) = 147*a**3 + 2*a**2 + 83*a + 82. What is u(-1)?
-146
Let r(v) = -186240*v + 372503. What is r(2)?
23
Let r(p) = 139*p**2 + 301*p + 125. Determine r(-3).
473
Let x(l) = l**3 - 3*l**2 + 1081931*l - 4327728. What is x(4)?
12
Let v(a) = 62*a**3 + 746*a**2 - 4*a - 307. What is v(-12)?
29
Let c(h) = -411931*h - 3295318. What is c(-8)?
130
Let g(f) = 49*f**2 + 419*f + 713. Determine g(-6).
-37
Let y(i) = 122*i**2 - 2632*i - 4011. Give y(23).
-9
Let z(g) = -2501*g + 3008715. What is z(1203)?
12
Let g(c) = c**2 + 777*c + 145836. What is g(-317)?
16
Let r(o) = -97408*o - 681794. Determine r(-7).
62
Let n(s) = 3435*s - 9978. Calculate n(3).
327
Let g(u) = 4*u**2 - 330*u - 382. Give g(80).
-1182
Let i(q) = -83093*q + 1495629. Calculate i(18).
-45
Let q(y) = -24857*y + 174120. Give q(7).
121
Let p(d) = -2*d**3 - 6*d**2 - 2556*d - 10257. Calculate p(-4).
-1
Let m(y) = -y**3 + 77*y**2 + 496*y + 320. Determine m(83).
154
Let u(p) = -50*p**2 - 2630*p - 25758. Determine u(-13).
-18
Let c(t) = 179*t**2 - 1171*t + 1893. What is c(3)?
-9
Let g(p) = -2*p**3 + 338*p**2 + 3563*p - 45. Give g(-10).
125
Let o(u) = -21*u**2 - 18529*u + 30934. Determine o(-884).
-6
Let n(l) = -845983*l + 8459881. Calculate n(10).
51
Let n(g) = -9*g**2 + 709*g - 8529. Determine n(64).
-17
Let p(z) = -2*z**2 - 70*z + 583. Determine p(8).
-105
Let g(b) = -7*b**3 + 17*b**2 + 178*b + 898. What is g(-5)?
1308
Let k(q) = 12*q**2 - 235*q + 61. Give k(17).
-466
Let m(x) = -1641*x - 8262. What is m(-5)?
-57
Let t(f) = 16*f**2 + 1373*f + 2492. What is t(-84)?
56
Let u(t) = -53377*t - 800655. Give u(-15).
0
Let q(a) = 1700038*a + 3400071. Give q(-2).
-5
Let n(o) = -o**2 - 9350*o - 1016411. Calculate n(-110).
-11
Let b(y) = 1164*y + 111710. Give b(-96).
-34
Let d(y) = -986*y - 12796. Calculate d(-13).
22
Let q(o) = -135*o**2 + 579*o - 145. Give q(4).
11
Let d(h) = -242*h - 4814. Calculate d(-18).
-458
Let u(k) = -22988*k - 1563176. What is u(-68)?
8
Let a(t) = -189887*t + 1329165. What is a(7)?
-44
Let w(k) = -422*k**2 + 6328*k + 22. What is w(15)?
-8
Let q(n) = -3*n**2 - 5536*n - 1031692. Determine q(-1635).
-7
Let k(p) = -p**3 + 298*p**2 - 883*p - 586. Give k(295).
4
Let u(f) = 328*f**2 + 5901*f - 41. Give u(-18).
13
Let s(t) = 202*t**3 + 26*t**2 + 386*t + 386. Give s(-1).
-176
Let f(k) = 7*k**3 - 1191*k**2 + 165*k + 355. Calculate f(170).
-495
Let g(p) = -1365*p - 71045. What is g(-52)?
-65
Let w(d) = 4*d**2 - 15117*d - 90750. Give w(-6).
96
Let u(k) = 55*k**3 - 1153*k**2 + 52*k - 72. Calculate u(21).
1902
Let r(y) = -10*y**2 + 13889*y + 71048. Calculate r(1394).
-46
Let a(o) = -70*o**2 + 4495*o + 16. Give a(64).
976
Let u(n) = 4*n**3 + 88*n**2 - 34*n - 160. Give u(-22).
588
Let q(t) = -8*t**3 - 17*t**2 + 23*t - 33. Give q(4).
-725
Let z(t) = t**3 - 26*t**2 + 153*t - 259. What is z(19)?
121
Let y(p) = -293*p**2 - 20*p - 18. Determine y(-3).
-2595
Let i(y) = 8836*y + 52884. What is i(-6)?
-132
Let b(z) = -8*z**2 + 187*z - 1713. What is b(9)?
-678
Let w(h) = -h**2 + 98*h + 4546. Give w(132).
58
Let v(r) = -r**3 + 16*r**2 + 60*r - 129. What is v(17)?
602
Let g(i) = 53*i**3 + 10*i**2 - 5. Calculate g(2).
459
Let j(q) = 28880*q + 866409. Give j(-30).
9
Let h(w) = 404*w + 13988. Determine h(-41).
-2576
Let u(k) = -188*k**2 + 14681*k - 1338. Determine u(78).
-12
Let n(b) = -53408*b - 694317. Give n(-13).
-13
Let o(j) = -j**3 - 24*j**2 + 58*j + 41. Calculate o(-25).
-784
Let m(h) = -h**2 + 4714*h + 422352. What is m(-88)?
-224
Let l(t) = t**3 - 90*t**2 + 797*t + 256. What is l(80)?
16
Let d(r) = 1124*r + 157485. Determine d(-140).
125
Let g(u) = -30*u**2 + 3317*u - 1889. Calculate g(110).
-19
Let f(k) = 3*k**2 - 324*k - 240. What is f(107)?
-561
Let g(d) = 3*d**3 - 568*d**2 - 382*d + 476. Calculate g(190).
96
Let z(q) = 78*q - 10799. Ca